{"id":2232,"date":"2025-02-07T14:22:59","date_gmt":"2025-02-07T13:22:59","guid":{"rendered":"http:\/\/parafiakonwikt.pl\/?page_id=2232"},"modified":"2025-02-09T11:06:12","modified_gmt":"2025-02-09T10:06:12","slug":"fundusze-europejskie","status":"publish","type":"page","link":"http:\/\/parafiakonwikt.pl\/?page_id=2232","title":{"rendered":"Fundusze europejskie"},"content":{"rendered":"\n<p class=\"has-text-align-center\"><strong>Nasza Parafia <\/strong>pozyska\u0142a dotacj\u0119 z <strong>Unii Europejskiej<\/strong> na projekt <strong>\u201eZwi\u0119kszenie efektywno\u015bci energetycznej poprzez budow\u0119 instalacji OZE dla obiekt\u00f3w u\u017cyteczno\u015bci publicznej prowadzonych przez jednostki ko\u015bcielne\u201d<\/strong>.<\/p>\n\n\n\n<p>Przedsi\u0119wzi\u0119cie realizowane jest wsp\u00f3lnie przez Diecezj\u0119 Gliwick\u0105 oraz 17 Parafii:<\/p>\n\n\n\n<ul class=\"wp-block-list\">\n<li>Parafi\u0119 Rzymskokatolick\u0105 pw. Naj\u015bwi\u0119tszej Maryi Panny Matki Ko\u015bcio\u0142a w Gliwicach,<\/li>\n\n\n\n<li>Parafi\u0119 Rzymskokatolick\u0105 pw. \u015awi\u0119tej Anny w Zabrzu,<\/li>\n\n\n\n<li>Parafi\u0119 Rzymskokatolick\u0105 pw. Naj\u015bwi\u0119tszego Serca Pana Jezusa w Wojsce,<\/li>\n\n\n\n<li>Rzymskokatolick\u0105 Parafi\u0119 pw. Znalezienia Krzy\u017ca \u015awi\u0119tego w Rusinowicach,<\/li>\n\n\n\n<li>Parafi\u0119 Rzymskokatolick\u0105 pw. Naj\u015bwi\u0119tszego Serca Pana Jezusa w Kosz\u0119cinie,<\/li>\n\n\n\n<li>Parafi\u0119 Rzymskokatolick\u0105 pw. \u015awi\u0119tego Gerarda w Gliwicach,<\/li>\n\n\n\n<li>Parafi\u0119 Matki Bo\u017cej Kr\u00f3lowej Pokoju w Tarnowskich G\u00f3rach,<\/li>\n\n\n\n<li>Parafi\u0119 Rzymskokatolick\u0105 pw. \u015awi\u0119tych Aposto\u0142\u00f3w Piotra i Paw\u0142a w Gliwicach,<\/li>\n\n\n\n<li>Rzymskokatolick\u0105 Parafi\u0119 Naj\u015bwi\u0119tszego Serca Pana Jezusa w Kochcicach,<\/li>\n\n\n\n<li>Parafi\u0119 Rzymskokatolick\u0105 pw. \u015awi\u0119tego Miko\u0142aja w Lubli\u0144cu,<\/li>\n\n\n\n<li>Rzymskokatolick\u0105 Parafi\u0119 pw. \u015awi\u0119tej Anny w Gliwicach,<\/li>\n\n\n\n<li>Rzymskokatolick\u0105 Parafi\u0119 Chrystusa Kr\u00f3la w Gliwicach,<\/li>\n\n\n\n<li>Parafi\u0119 Rzymskokatolick\u0105 \u015awi\u0119tego Franciszka z Asy\u017cu w Zabrzu,<\/li>\n\n\n\n<li>Parafi\u0119 Rzymskokatolick\u0105 Bo\u017cego Cia\u0142a w Bytomiu,<\/li>\n\n\n\n<li>Parafi\u0119 Rzymskokatolick\u0105 pw. \u015awi\u0119tego Macieja Aposto\u0142a w Zabrzu,<\/li>\n\n\n\n<li>Parafi\u0119 Rzymskokatolick\u0105 pw. \u015awi\u0119tego J\u00f3zefa w Zabrzu,<\/li>\n\n\n\n<li>Parafi\u0119 Rzymskokatolick\u0105 pw. Wniebowzi\u0119cia Naj\u015bwi\u0119tszej Maryi Panny w Rudach.<\/li>\n<\/ul>\n\n\n\n<p class=\"has-text-align-left\">W ramach projektu zamontujemy \u0142\u0105cznie 35 instalacji fotowoltaicznych z magazynami energii oraz 11&nbsp;pomp ciep\u0142a. Dzi\u0119ki temu przyczynimy si\u0119 do zwi\u0119kszenia udzia\u0142u energii odnawialnej w og\u00f3lnym bilansie energetycznym oraz stworzenia rozproszonego systemu produkcji energii.<\/p>\n\n\n\n<p>Celem projektu jest zmniejszenie zapotrzebowania na energi\u0119 tradycyjn\u0105, a dzi\u0119ki temu poprawa jako\u015bci powietrza oraz redukcja emisji gaz\u00f3w cieplarnianych do atmosfery.<\/p>\n\n\n\n<p>Z osi\u0105gni\u0119tych rezultat\u00f3w skorzystaj\u0105 u\u017cytkownicy budynk\u00f3w oraz mieszka\u0144cy regionu.<\/p>\n\n\n\n<p>Warto\u015b\u0107 projektu: <strong>11&nbsp;088&nbsp;235,94 z\u0142<\/strong><\/p>\n\n\n\n<p>Wysoko\u015b\u0107 wk\u0142adu z Funduszy Europejskich: <strong>8&nbsp;316&nbsp;176,89 z\u0142<\/strong><\/p>\n\n\n\n<p>Wysoko\u015b\u0107 wk\u0142adu z Bud\u017cetu Pa\u0144stwa: <strong>1&nbsp;108&nbsp;823,59 z\u0142<\/strong><\/p>\n\n\n\n<p>Planowany termin zako\u0144czenia projektu to grudzie\u0144 2025 roku.<\/p>\n\n\n\n<p>#FunduszeUE #FunduszeEuropejskie<\/p>\n\n\n\n<figure class=\"wp-block-image size-large\"><img fetchpriority=\"high\" decoding=\"async\" width=\"1024\" height=\"683\" src=\"http:\/\/parafiakonwikt.pl\/wp-content\/uploads\/2025\/02\/Banner-1024x683.jpg\" alt=\"\" class=\"wp-image-2234\" srcset=\"http:\/\/parafiakonwikt.pl\/wp-content\/uploads\/2025\/02\/Banner-1024x683.jpg 1024w, http:\/\/parafiakonwikt.pl\/wp-content\/uploads\/2025\/02\/Banner-300x200.jpg 300w, http:\/\/parafiakonwikt.pl\/wp-content\/uploads\/2025\/02\/Banner-768x512.jpg 768w, http:\/\/parafiakonwikt.pl\/wp-content\/uploads\/2025\/02\/Banner-1536x1024.jpg 1536w, http:\/\/parafiakonwikt.pl\/wp-content\/uploads\/2025\/02\/Banner.jpg 2048w\" sizes=\"(max-width: 1024px) 100vw, 1024px\" \/><\/figure>\n","protected":false},"excerpt":{"rendered":"<p>Nasza Parafia pozyska\u0142a dotacj\u0119 z Unii Europejskiej na projekt \u201eZwi\u0119kszenie efektywno\u015bci energetycznej poprzez budow\u0119 instalacji OZE dla obiekt\u00f3w u\u017cyteczno\u015bci publicznej prowadzonych przez jednostki ko\u015bcielne\u201d. Przedsi\u0119wzi\u0119cie realizowane jest wsp\u00f3lnie przez Diecezj\u0119 Gliwick\u0105 oraz 17 Parafii: W ramach projektu zamontujemy \u0142\u0105cznie 35 instalacji fotowoltaicznych z magazynami energii [&hellip;]<\/p>\n","protected":false},"author":1,"featured_media":2234,"parent":149,"menu_order":0,"comment_status":"closed","ping_status":"closed","template":"","meta":{"footnotes":""},"class_list":["post-2232","page","type-page","status-publish","has-post-thumbnail","hentry"],"_links":{"self":[{"href":"http:\/\/parafiakonwikt.pl\/index.php?rest_route=\/wp\/v2\/pages\/2232","targetHints":{"allow":["GET"]}}],"collection":[{"href":"http:\/\/parafiakonwikt.pl\/index.php?rest_route=\/wp\/v2\/pages"}],"about":[{"href":"http:\/\/parafiakonwikt.pl\/index.php?rest_route=\/wp\/v2\/types\/page"}],"author":[{"embeddable":true,"href":"http:\/\/parafiakonwikt.pl\/index.php?rest_route=\/wp\/v2\/users\/1"}],"replies":[{"embeddable":true,"href":"http:\/\/parafiakonwikt.pl\/index.php?rest_route=%2Fwp%2Fv2%2Fcomments&post=2232"}],"version-history":[{"count":3,"href":"http:\/\/parafiakonwikt.pl\/index.php?rest_route=\/wp\/v2\/pages\/2232\/revisions"}],"predecessor-version":[{"id":2238,"href":"http:\/\/parafiakonwikt.pl\/index.php?rest_route=\/wp\/v2\/pages\/2232\/revisions\/2238"}],"up":[{"embeddable":true,"href":"http:\/\/parafiakonwikt.pl\/index.php?rest_route=\/wp\/v2\/pages\/149"}],"wp:featuredmedia":[{"embeddable":true,"href":"http:\/\/parafiakonwikt.pl\/index.php?rest_route=\/wp\/v2\/media\/2234"}],"wp:attachment":[{"href":"http:\/\/parafiakonwikt.pl\/index.php?rest_route=%2Fwp%2Fv2%2Fmedia&parent=2232"}],"curies":[{"name":"wp","href":"https:\/\/api.w.org\/{rel}","templated":true}]}}